of 219521?
5
What is the millions digit of 7909479?
7
What is the hundreds digit of 3180344?
3
What is the ten thousands digit of 462723?
6
What is the tens digit of 87731?
3
What is the hundred thousands digit of 198927?
1
What is the tens digit of 277974?
7
What is the hundred thousands digit of 27819184?
8
What is the tens digit of 181579?
7
What is the thousands digit of 197142?
7
What is the units digit of 321029?
9
What is the thousands digit of 736857?
6
What is the units digit of 697303?
3
What is the ten thousands digit of 662856?
6
What is the ten thousands digit of 5743751?
4
What is the hundred thousands digit of 2510915?
5
What is the hundred thousands digit of 3741436?
7
What is the tens digit of 11952965?
6
What is the tens digit of 1044621?
2
What is the thousands digit of 2059432?
9
What is the ten thousands digit of 39472270?
7
What is the hundreds digit of 4133968?
9
What is the hundred thousands digit of 1864308?
8
What is the ten thousands digit of 5808728?
0
What is the hundreds digit of 2611294?
2
What is the thousands digit of 70006?
0
What is the thousands digit of 3790383?
0
What is the units digit of 4627039?
9
What is the units digit of 1156925?
5
What is the tens digit of 2287724?
2
What is the ten thousands digit of 737552?
3
What is the tens digit of 29201009?
0
What is the hundreds digit of 349395?
3
What is the thousands digit of 1503959?
3
What is the hundreds digit of 11782386?
3
What is the thousands digit of 445246?
5
What is the thousands digit of 608585?
8
What is the thousands digit of 5463939?
3
What is the units digit of 275194?
4
What is the hundred thousands digit of 137310?
1
What is the tens digit of 339214?
1
What is the thousands digit of 4283659?
3
What is the ten thousands digit of 14312927?
1
What is the ten thousands digit of 2879006?
7
What is the millions digit of 2167301?
2
What is the millions digit of 1038907?
1
What is the hundreds digit of 1937642?
6
What is the ten thousands digit of 1749181?
4
What is the hundred thousands digit of 4391439?
3
What is the thousands digit of 6371459?
1
What is the thousands digit of 28544?
8
What is the hundreds digit of 1644006?
0
What is the hundreds digit of 662552?
5
What is the hundreds digit of 366603?
6
What is the thousands digit of 2209409?
9
What is the millions digit of 8704744?
8
What is the millions digit of 1102667?
1
What is the tens digit of 234922?
2
What is the ten thousands digit of 20545071?
4
What is the hundred thousands digit of 19038892?
0
What is the ten thousands digit of 438208?
3
What is the millions digit of 2749278?
2
What is the ten thousands digit of 414348?
1
What is the hundred thousands digit of 1904932?
9
What is the units digit of 1072654?
4
What is the units digit of 3931942?
2
What is the thousands digit of 459922?
9
What is the tens digit of 277146?
4
What is the units digit of 4665905?
5
What is the hundreds digit of 52223?
2
What is the tens digit of 5222758?
5
What is the ten thousands digit of 9064279?
6
What is the thousands digit of 1908305?
8
What is the hundreds digit of 845397?
3
What is the millions digit of 2553007?
2
What is the tens digit of 92291?
9
What is the millions digit of 1021617?
1
What is the tens digit of 1470549?
4
What is the hundred thousands digit of 10284765?
2
What is the units digit of 238358?
8
What is the hundred thousands digit of 190700?
1
What is the units digit of 1172038?
8
What is the hundred thousands digit of 311612?
3
What is the millions digit of 2743237?
2
What is the millions digit of 3842605?
3
What is the tens digit of 30609?
0
What is the thousands digit of 3458282?
8
What is the tens digit of 15547451?
5
What is the tens digit of 316039?
3
What is the ten thousands digit of 7809080?
0
What is the hundreds digit of 1900628?
6
What is the hundred thousands digit of 557302?
5
What is the ten thousands digit of 1499004?
9
What is the tens digit of 2874883?
8
What is the hundreds digit of 12139713?
7
What is the hundreds digit of 11240230?
2
What is the hundreds digit of 1032241?
2
What is the units digit of 849534?
4
What is the ten thousands digit of 2557024?
5
What is the tens digit of 278844?
4
What is the hundreds digit of 921066?
0
What is the hundreds digit of 81817?
8
What is the ten thousands digit of 1850195?
5
What is the hundred thousands digit of 746917?
7
What is the thousands digit of 2401634?
1
What is the hundred thousands digit of 22278791?
2
What is the thousands digit of 248543?
8
What is the thousands digit of 1769169?
9
What is the hundreds digit of 919502?
5
What is the hundreds digit of 8034689?
6
What is the hundred thousands digit of 918434?
9
What is the tens digit of 5120841?
4
What is the thousands digit of 1488425?
8
What is the thousands digit of 569661?
9
What is the units digit of 418007?
7
What is the hundred thousands digit of 117166?
1
What is the ten thousands digit of 1290088?
9
What is the units digit of 1027565?
5
What is the hundred thousands digit of 592340?
5
What is the ten thousands digit of 280679?
8
What is the units digit of 665450?
0
What is the hundreds digit of 13783290?
2
What is the thousands digit of 701308?
1
What is the units digit of 3239658?
8
What is the tens digit of 395021?
2
What is the hundreds digit of 1242323?
3
What is the hundred thousands digit of 121297?
1
What is the thousands digit of 160121?
0
What is the ten thousands digit of 1411459?
1
What is the thousands digit of 3059976?
9
What is the tens digit of 635405?
0
What is the hundreds digit of 431078?
0
What is the ten thousands digit of 278022?
7
What is the units digit of 1231359?
9
What is the tens digit of 323702?
0
What is the units digit of 999713?
3
What is the units digit of 12252881?
1
What is the units digit of 5267444?
4
What is the hundreds digit of 33605?
6
What is the hundred thousands digit of 16082808?
0
What is the units digit of 101718?
8
What is the units digit of 133760?
0
What is the tens digit of 29473138?
3
What is the hundred thousands digit of 5351594?
3
What is the tens digit of 182844?
4
What is the thousands digit of 344614?
4
What is the millions digit of 24036609?
4
What is the tens digit of 3371573?
7
What is the hundred thousands digit of 161597?
1
What is the ten thousands digit of 773842?
7
What is the thousands digit of 6045912?
5
What is the millions digit of 3905291?
3
What is the units digit of 502104?
4
What is the hundred thousands digit of 10259791?
2
What is the hundreds digit of 698640?
6
What is the tens digit of 99915?
1
What is the hundred thousands digit of 1282117?
2
What is the tens digit of 4866146?
4
What is the tens digit of 2237639?
3
What is the tens digit of 7650?
5
What is the millions digit of 2726924?
2
What is the millions digit of 4714734?
4
What is the millions digit of 5907842?
5
What is the ten thousands digit of 12958271?
5
What is the ten thousands digit of 290722?
9
What is the thousands digit of 4249289?
9
What is the ten thousands digit of 1424785?
2
What is the hundred thousands digit of 877196?
8
What is the thousands digit of 67922?
7
What is the hundred thousands digit of 21713143?
7
What is the ten thousands digit of 303503?
0
What is the hundred thousands digit of 1175179?
1
What is the hundred thousands digit of 154265?
1
What is the thousands digit of 5100903?
0
What is the millions digit of 1440956?
1
What is the tens digit of 55859?
5
What is the units digit of 19258?
8
What is the ten thousands digit of 249077?
4
What is the tens digit of 263072?
7
What is the hundred thousands digit of 183156?
1
What is the hundreds digit of 4677698?
6
What is the thousands digit of 238091?
8
What is the hundred thousands digit of 5223020?
2
What is the ten thousands digit of 164016?
6
What is the ten thousands digit of 658837?
5
What is the ten thousands digit of 4826067?
2
What is the hundreds digit of 300293?
2
What is the ten thousands digit of 427100?
2
What is the ten thousands digit of 90347?
9
What is the units digit of 443558?
8
What is the thousands digit of 11197320?
7
What is the tens digit of 8621062?
6
What is the tens digit of 21944?
4
What is the millions digit of 1078076?
1
What is the ten thousands digit of 348465?
4
What is the ten thousands digit of 564475?
6
Wh